Suppose -3*r - 3*y - 120 = 0, -2*r - y = 2*r + 163. Let p = 43 + r. Suppose 22 + 44 = 3*z. What is the greatest common divisor of z and p?
2
Suppose 2*j + 26 = 3*d, -27 = -4*d + d + 3*j. What is the highest common divisor of d and 8?
8
Suppose -b + 14 = -8*b. Let g be (((-90)/(-3))/b)/(3/(-18)). What is the greatest common divisor of 18 and g?
18
Let s be 28/(-56)*-7*(2 - 0). Let f be 234/21 - (3/3)/s. Let a(m) = m**3 + 10*m**2 - m - 2. Let z be a(-9). What is the highest common factor of z and f?
11
Let i(w) = w**3 + 8*w**2 + 9*w + 6. Let f be i(-6). Let d be ((-3)/6 - -2)/((-2)/(-4)). Suppose d*y = 9 - 0. What is the highest common divisor of f and y?
3
Let x be 9 + 0 + -7 + 9. Let o be 24/8*(-8)/6. Let f = x + o. Calculate the highest common factor of 7 and f.
7
Let m(n) = -8*n + 1. Let p(d) = -d**2 - d. Let a(k) = m(k) - 4*p(k). Let g be a(-2). What is the highest common divisor of 25 and g?
25
Let q(z) = z**3 - 4*z**2 - 12*z + 36. Let v be q(7). Calculate the greatest common divisor of v and 11.
11
Suppose 0*g - r = -2*g + 110, -2*r = 2*g - 104. Suppose 10*b - 16 = 6*b. Let f = 10 - b. Calculate the highest common divisor of g and f.
6
Let k = 3293 + -139. What is the greatest common divisor of 38 and k?
38
Let q(p) = p**2 + 9*p + 1. Let g be q(-9). Let w(s) = -3*s**3 - 85*s**2 - 31*s - 74. Let r be w(-28). What is the highest common factor of r and g?
1
Suppose -23*o - 256 = -31*o. Let y be 1/4 - 957/(-12). What is the greatest common divisor of y and o?
16
Suppose -2*o + 253 = 4*f - 431, -5*f + 333 = o. Calculate the greatest common factor of o and 12.
12
Let o = 234 + -150. Calculate the greatest common divisor of o and 147.
21
Suppose 2*n - l + 16 = 3*n, -20 = -3*n + 4*l. Suppose 0 = -3*j - f + 293, j - 6*j + 485 = f. What is the highest common factor of j and n?
12
Suppose 5*o - 5*n - 25 = 0, 5*n = 3*o - 0*n - 13. Let x be 3/((o/80)/1). Calculate the highest common factor of x and 30.
10
Let b = 3 + -3. Let g be b - 2 - (-102)/3. What is the greatest common factor of g and 80?
16
Suppose -2*y - 5*s + 166 = 0, 8*y - 11*s - 622 = -10*s. Calculate the greatest common divisor of 182 and y.
26
Let k be (-132)/(-28) - 6/(-21). Let c be 4 - 2*(2 + (-75)/10). Calculate the greatest common factor of c and k.
5
Suppose 45 = 4*a + a + 3*s, -s = 2*a - 17. Suppose 0 = -a*u - 37 + 151. Suppose j + 7 = u. What is the highest common divisor of j and 12?
12
Suppose -k + 7 = -1. Suppose 0 = 2*r + 3*m - k*m - 12, 3*r = 5*m + 13. Suppose -r = u - 8. What is the highest common factor of 35 and u?
7
Let f(n) = -38*n + 269. Let u be f(7). Let b be (-1)/(-2)*-1*0. Suppose b = -2*i + t + 27, -i = u*t + 2*t + 3. What is the greatest common divisor of i and 30?
6
Suppose -16*h + 17*h + 4*y - 40 = 0, 2*h - 25 = 3*y. What is the greatest common factor of h and 140?
20
Suppose -40*h + 44*h + t - 39 = 0, -h + 12 = -2*t. Calculate the greatest common factor of 535 and h.
5
Let m(j) = -j**2 - 15*j - 11. Let c be m(-15). Let q = -10 - c. Let l be q - (-1 + -87 + -1). What is the highest common factor of 18 and l?
18
Let x be 1 + (28 - 6/3). Let g = -420 - -456. What is the greatest common divisor of g and x?
9
Let x = 136 - 94. Let g = x - 35. What is the highest common factor of g and 35?
7
Let i be (-3 - 14/(-5)) + 7566/30. What is the greatest common divisor of 224 and i?
28
Let c(y) = 50*y**2 - 8*y - 18. Let f be c(5). What is the greatest common factor of 8 and f?
8
Suppose -3 + 11 = 4*w + p, 0 = 5*p. Suppose w = -m + 10. Calculate the greatest common divisor of 88 and m.
8
Let o = 73 - 39. Let p = -5 + 9. Suppose 5*k - p*b + 128 - 371 = 0, 0 = 4*k + 4*b - 216. What is the greatest common divisor of o and k?
17
Let j(h) = -h + 4. Let o be j(-8). Let r = o - -3. Let a(k) = 9*k**3 + 2*k**2 - 1. Let z be a(1). Calculate the greatest common factor of r and z.
5
Let i be 120/48 + 2/4. Suppose -i*v = -0 + 6. Let j be 162/(-3 + (2 - v)). What is the greatest common factor of j and 18?
18
Let b be (-42)/(-9) + 0 + 4/12. Suppose b*i - 3*g = 217, 3*g = 11*i - 8*i - 129. Calculate the greatest common factor of i and 308.
44
Suppose -4*s + 38 = m + m, 0 = -4*s - 16. Suppose 5*u = -52*c + 53*c + 135, -5*u + 135 = 3*c. What is the greatest common divisor of m and u?
27
Let k(f) = f**3 + 4*f**2 - f - 8. Let h be k(4). What is the greatest common divisor of h and 145?
29
Suppose -25*x + 20*x = 0, -2*v + 5*x = -144. What is the greatest common factor of 48 and v?
24
Let t(x) = 29*x - 10. Let r be t(3). Let i = r + -47. Suppose 3*f + 20 = 5*f. What is the greatest common divisor of i and f?
10
Let z = -326 - -350. Calculate the highest common factor of 84 and z.
12
Suppose 146*q = 149*q + 168. Let n = q + 152. Calculate the greatest common divisor of n and 144.
48
Suppose -3*u + 930 - 354 = 0. Let c be 33/22*16/6 + 8. What is the highest common divisor of c and u?
12
Let r(i) = i**2 + 15*i + 15. Let f be r(-15). Let s be 6/f + 14/(-10). Let b be (-3)/(-4) - s/4. What is the greatest common factor of 1 and b?
1
Suppose 5*p = 3*t - 35, 0 = 4*t + 2*p - 59 - 31. What is the greatest common divisor of 130 and t?
10
Let s = 139 - 19. What is the highest common factor of s and 8?
8
Let u(a) = -2 - 1 + a - a**3 + 4*a**2 + 5*a. Let x be u(5). Suppose -i - 4*o = -47, -o = -2*i + x*o + 105. What is the greatest common divisor of 17 and i?
17
Suppose -38*u + 36*u - 10 = 0, 5*v + 4*u = 70. What is the highest common divisor of 1152 and v?
18
Let q(v) be the third derivative of v**6/60 + v**5/4 + 5*v**4/24 + v**3/2 - 21*v**2. Let w be q(-6). What is the greatest common divisor of 9 and w?
9
Suppose -8 = -4*c + 8. Suppose -c*p + 0*p + 40 = 0. Suppose -w + p = 4*w. Calculate the highest common divisor of w and 4.
2
Let h = -7 + 61. Suppose h = 2*a + 4*a. Let o be (-2)/2*(1 - (-12)/(-6)). Calculate the greatest common divisor of a and o.
1
Suppose -1031 = -35*l + 509. What is the highest common factor of 418 and l?
22
Let a = -859 + 868. Calculate the highest common factor of 144 and a.
9
Let x(y) = -2*y - 2. Let c be x(-2). Suppose -l = -c*l. Suppose 5*z - 3*o - 4 - 1 = l, -4*o = 4*z - 36. What is the highest common divisor of 28 and z?
4
Suppose -s + 15 = 5*p - 0*s, 3*p - 3*s = -9. Let k(l) = 9 + 9 - 4 + p*l. Let x be k(-4). What is the greatest common divisor of 24 and x?
6
Let g = 4 + -2. Suppose p - 5 - 19 = -4*u, -g*p = u - 6. Suppose -5*n + 41 = 3*y + u, 4*y = 5*n - 70. What is the greatest common divisor of n and 60?
10
Let g(c) = 13*c - 1. Let b be g(1). Suppose 1944 - 2052 = -12*q. What is the highest common divisor of q and b?
3
Let w be (12/(-8))/(1/(-32)). Let v be (-660)/(-21) + -5*(-12)/105. What is the highest common divisor of v and w?
16
Let i(x) = -3*x**3 + 93*x**2 + x + 21. Let c be i(31). Calculate the greatest common factor of 533 and c.
13
Suppose -4*i + 0*i = -12. Suppose -2*a = 10, v + i*a = -1 - 6. Suppose 3*b + 6 = 6*b. Calculate the greatest common factor of v and b.
2
Let f(t) = t - 3. Let l(n) = n**2 + 4*n - 2. Let y be l(-5). Let v be f(y). Suppose -r - 2*r + 33 = v. What is the highest common factor of r and 121?
11
Let q = -8 - -13. Suppose -3*n + 7 = q*x - 9, -10 = -2*x - 3*n. Let i be 0 + 3 - (x + -1). What is the highest common divisor of 2 and i?
2
Let y(b) = b**2 - 5*b - 29. Let c be y(-8). What is the greatest common divisor of c and 150?
75
Let q be ((-24)/(-36))/(((-21)/(-1080))/7). What is the highest common divisor of q and 20?
20
Let r = -55 - -63. Let b be (21/9 + -1)/(r/204). What is the greatest common divisor of b and 374?
34
Let d be 12/(-8)*(-4)/3. Suppose 22 = m + g, 5*g = 2*m + 10*g - 44. What is the greatest common factor of d and m?
2
Suppose -3*z + 273 = 4*k - 12, 3*z = 3*k - 198. Let c(v) = 23*v. Let x be c(1). Calculate the greatest common divisor of k and x.
23
Suppose 21*h - 18*h - 5099 = t, h - 4*t - 1685 = 0. Calculate the greatest common divisor of h and 63.
63
Let y = -1219 + 1252. Suppose 3*f - 4*f + 3 = 0. What is the highest common divisor of y and f?
3
Suppose 3*j + 4*w + 35 = 4*j, -2*j + 5*w + 73 = 0. Let q = 47 - j. Calculate the greatest common divisor of 4 and q.
4
Let a = 36 + -17. Suppose 0 = 30*r + 67 + 23. Let y = r + a. What is the greatest common divisor of 8 and y?
8
Suppose 0 = -3*r - 5*w + 264, -2*r + 51 = 4*w - 